v + 40 = 5*z. What is the units digit of z?
7
Let v(j) = -j**2 - 7*j + 22. Let y be v(-9). Suppose 104 = 6*q - y*q. What is the units digit of q?
2
Suppose -316 = 2*a - 6*a. What is the tens digit of a?
7
Let u(j) = -5*j**3 - j + 1. Let l be u(1). Let b be (-1)/1 - (-31 - l). Suppose -b = 5*r, -r + 7 - 24 = -2*f. What is the units digit of f?
6
Let h(y) = -y**3 - 6*y**2 - 3*y. Let w be h(-6). Let f = w + -26. Let x = f + 11. What is the units digit of x?
3
Let g = 14 - -1. What is the units digit of g?
5
What is the tens digit of (92 - -6) + (-2 - -1)?
9
Suppose 3*s - 472 = -2*j, -8 = s + 3*s. What is the tens digit of j?
3
Let d be 1 + 5 - (5 - 3). Let a = -6 + d. What is the units digit of ((-1)/a)/((-2)/(-4))?
1
Let a(r) = -r**2 + 3*r + 3. Let h be a(3). Suppose 4*t - x - 39 = t, -h*t - 3*x = -51. What is the tens digit of t?
1
Suppose i + 462 = 5*g, -2*g - 2*i - 46 = -226. What is the units digit of g?
2
Let f = 267 - 121. What is the units digit of f?
6
What is the units digit of (1352/(-6))/((-46)/69)?
8
Let h = -10 - -22. Suppose -c - 63 = -3*c - 5*u, h = -4*u. What is the units digit of c?
9
Let y(z) = 2*z**2 + 3*z - 2. Let p(o) = o**2 - 11*o + 2. Let j be p(11). What is the units digit of y(j)?
2
Suppose 2*v - 36 = -4*r, -4*v = r - 21 - 30. What is the tens digit of v?
1
Let j = -5 + 1. What is the units digit of 3/2 - 2/j?
2
Suppose -2*q + 6*q - 16 = 0, -14 = 3*g + 4*q. Let d = 2 - g. What is the tens digit of d?
1
Let s be 0/(-1) + (2 - 9). Let j = s + 26. Let c = j - 3. What is the units digit of c?
6
Let s(w) = -w**3 + 13*w**2 + w - 15. Let k be s(13). What is the units digit of (1 - k)/(1/3)?
9
Suppose -36 = 5*g - 6*g. What is the units digit of g?
6
Suppose 5*d + 2*q - 65 = 7*q, 0 = q + 3. What is the tens digit of d?
1
Suppose h - 2 = 4*o + 16, -4*o = 3*h + 26. Let v = h + 20. What is the tens digit of v?
1
Suppose -k = -2*k + 2. What is the units digit of k?
2
Let s be 0/(-2) + 3 + -1. Let g be -1*3/(-3)*s. What is the units digit of (32/g)/2 - -1?
9
Let b(a) = -a**3 - 26*a**2 - 27*a + 42. What is the tens digit of b(-25)?
9
Suppose 4*m - 3*m + 3 = 0. Let y be 22/6 - 1/m. Suppose y*f + 0*z = -3*z + 31, 5*f + z - 25 = 0. What is the units digit of f?
4
Suppose -17 = -q - 3*u, 6*u = u - 5. Suppose q = 5*d - 0*d. Suppose -4*r + 12 = -d*y, 2*r = -2*y - r + 14. What is the units digit of y?
1
Let q be (-699)/(-21) - (-10)/(-35). Let k(h) = h + 11. Let p be k(-8). Suppose -x = r - 3, 4*r + q = p*x + r. What is the units digit of x?
7
Let g = 0 - 0. Let k = 2 - 0. What is the units digit of -1 + g/2 + k?
1
Let r = 3 + -5. What is the units digit of -1 - ((r - 2) + 1)?
2
Let s be (2 + -17)/(6/4). Let l = s + 11. What is the units digit of l?
1
Suppose 11 = -4*y + 135. What is the units digit of y?
1
Let j be 6*(-2 + 15/6). Let i = -5 + j. What is the units digit of (-4)/(i - 0) + 0?
2
What is the tens digit of 4 + (21 - -4)*4 + -4?
0
What is the units digit of ((-363)/15 - 1)/((-1)/5)?
6
Let k(q) = q**2 + 6*q + 27. What is the hundreds digit of k(10)?
1
Let z(v) = v**2 - 6*v + 4. Let d be -18*(-1)/(0 - -3). Let r be z(d). Suppose 4*j - 11 = -5*l, -6*j + 9 = r*l - 3*j. What is the units digit of l?
3
Suppose 3*q + 6 = 4*q. Let s = -3 + q. Suppose -2*u = s*u, -20 = -5*d + u. What is the units digit of d?
4
What is the tens digit of (-1 - -5)/1 - (-211 + 2)?
1
Suppose b = -2*j - 8, 4*j - 5*b - 1 = -3. Let g = j - -5. Suppose 3*q = -g*q + 30. What is the units digit of q?
6
Suppose 2*j + 2 + 2 = 2*k, 18 = -k - 4*j. What is the units digit of 2/k + (-68)/(-4)?
6
Suppose 3*w = 7 + 2. Let g = w + 3. Let m = 13 - g. What is the units digit of m?
7
What is the units digit of 1 - 42/35 - (-141)/5?
8
Suppose 2*x + 0*s = -4*s + 46, -77 = -4*x - 3*s. Let m = x - -9. What is the units digit of m?
6
Let f be (2 - 0 - 3) + 18. Let t = f + -10. Suppose -u + 0 = -t. What is the units digit of u?
7
Suppose -3*s + 32 + 43 = 0. What is the tens digit of s?
2
Let l be (-3 + 2 - -2)*4. Suppose p = l*p - 99. Let f = 48 - p. What is the tens digit of f?
1
Suppose 20*q = 25*q - 1140. What is the hundreds digit of q?
2
Suppose -53 = -3*b - 11. Suppose 3*u = -b + 71. What is the units digit of u?
9
Suppose -3*d - 4 = 4*l - 2*l, -3*d - 5*l - 10 = 0. Suppose d = 2*b + 1 - 9. Let j(v) = v**3 - 2*v**2 - 7*v + 5. What is the units digit of j(b)?
9
Suppose 4*q - 16 = -0*q. Suppose 7*k = q*k + 81. What is the tens digit of k?
2
Let b(o) = 3*o**2 - 2*o + 3. What is the units digit of b(4)?
3
Suppose 5*u + 8 = -7. Let c = u - 0. What is the units digit of (c + -1)/(-1*1)?
4
Let g = -4 + 3. Let n(q) = 10*q**2. Let c be n(g). Suppose t = 2*t - c. What is the tens digit of t?
1
Let r(u) = -2*u**3 - 10*u**2 - u - 2. What is the units digit of r(-5)?
3
Suppose 4*n - 7 = 2*d - d, d - 7 = -3*n. Suppose 5*h - 7*h = -n. What is the units digit of (2 - -4)*h/1?
6
Suppose -4*o + 3*v - 15 = 0, v - 10 = -o - v. Suppose -2*l + 6 + 0 = o. Suppose 31 = l*h - 32. What is the units digit of h?
1
Suppose 83*b = 89*b - 1404. What is the hundreds digit of b?
2
Let s(m) = -m**2 + 7. Let v be s(0). Let i = v - 3. What is the units digit of i?
4
Let n(u) = -u**2 + 10*u - 5. Let q(m) = -2*m - 8. Let v be q(-6). What is the units digit of n(v)?
9
Let k(c) = -4*c - 2. Let x be k(-7). Suppose -2*g - 7*d + 3*d = -x, -d = 4*g - 17. Suppose g = -2*t + 13. What is the units digit of t?
5
Suppose 0 = -2*g + 5*d - 20, -2*g + 16 = 3*d + d. Suppose 3*i - 9 + 0 = g. Suppose -i*b + 15 = -3*r - 18, 20 = 5*b + 2*r. What is the units digit of b?
6
Suppose 0*n - 60 = 5*n. What is the units digit of (-15)/2*n/10?
9
Suppose -4 = -3*c + 2*k, -6 = -0*c - 2*c + 3*k. Let n be 1 + 2 - 2 - -9. Suppose 0*p + 5*p - n = c, 0 = 5*j + 3*p - 26. What is the units digit of j?
4
Suppose -6*o + 12 + 420 = 0. What is the tens digit of o?
7
Suppose 5*w + 4*g - 36 + 3 = 0, 48 = 5*w - g. Suppose -w = -3*l - 3. Suppose 4*h + 30 = 2*p, -4*p + 5 = -p + l*h. What is the units digit of p?
5
Let z(y) = y**2 + 17*y - 14. What is the tens digit of z(-19)?
2
What is the units digit of (-3)/4 - 1589/(-28)?
6
Suppose -4*i - 528 = -4*z, -i + 727 = 5*z + 37. What is the tens digit of z?
3
Suppose 0 = 3*d - 5*y + 82, 2*d - 4*y + 63 = 7. Let t = d + 44. What is the units digit of t?
0
Let p(h) = h + 8. Let b be p(0). Suppose -4 - b = -4*s. What is the units digit of s?
3
Suppose 4*y = 14*y - 440. What is the units digit of y?
4
Suppose -2*t = 2*m - 10, t + 2*t = -4*m + 21. Suppose 2*g + 2*n = -2 - m, 2*g = -n - 9. Let o(i) = -2*i - 6. What is the units digit of o(g)?
4
Suppose 13*n = 9*n + 8. What is the tens digit of (-180)/(-7) + n/7?
2
Suppose -6 = -5*k + 4. Suppose -6*o = -k*o - 56. Suppose u + o = 3*u. What is the units digit of u?
7
Suppose -n + 28 = -2*c, -4*n - n + c = -104. What is the tens digit of n?
2
Let n(h) = 4*h**2 - 5*h. What is the units digit of n(3)?
1
Suppose -342 = -4*r + r. What is the units digit of r?
4
Let z = -56 - -33. Let x = z + 36. What is the tens digit of x?
1
Let c = 36 + 43. What is the tens digit of c?
7
Let y be (-2 - -5)/1 + -1. Let j(n) = 7*n - 2. What is the tens digit of j(y)?
1
Suppose 2*i + 28 = y + i, 2*y + 4*i = 74. What is the units digit of y?
1
Let n = -115 - -433. What is the units digit of n?
8
Suppose d = -0*d - 3. Let j(z) = z**3 - 30*z + 27*z + 4*z**2 - z**2. What is the units digit of j(d)?
9
Let m(y) be the second derivative of -y**5/20 + 2*y**4/3 + y**3/2 - 6*y**2 + 6*y. What is the units digit of m(8)?
2
Let j be (9/(-6))/3*-8. Suppose 37 - 1 = 3*n - j*l, n - 12 = 5*l. What is the tens digit of n?
1
Let t = -23 - -51. Suppose 25 = -0*z + 5*z - 5*f, 3*z + 5*f + 9 = 0. Suppose 4*c - 6*c - 3*l = -t, 5*c - 81 = -z*l. What is the units digit of c?
7
Suppose -7 = -5*v + 3*h, 6*h - 4 = 2*h. What is the units digit of v?
2
Suppose -5*l + 9*h - 4*h = -20, 0 = h. Let q(o) = o**3 - 4*o**2 + 5. Let y be q(l). Suppose j + 37 = 4*g, 0 = y*g + 2*j - 17 - 26. What is the units digit of g?
9
Let z(o) = o**3 + 10*o**2 + 4*o - 10. Let t be z(-7). Suppose -21 - t = -5*u. What is the tens digit of u?
2
Let f be (-2)/(-4)*0/(-1). Suppose -n = -f*n - 8. Suppose n = 2*h + 2. What is the units digit of h?
3
Let k(n) = n**3 - 8*n**2 + 7*n + 3. Let d be k(7). Let m be (4 - 1) + -1 + d. Suppose 2*s - m*s = -36. Wh